{"id":93,"date":"2025-02-27T00:38:10","date_gmt":"2025-02-26T23:38:10","guid":{"rendered":"https:\/\/extinguishbraun.7szkola.pl\/?page_id=93"},"modified":"2025-04-02T23:43:30","modified_gmt":"2025-04-02T22:43:30","slug":"historia","status":"publish","type":"page","link":"https:\/\/extinguishbraun.7szkola.pl\/index.php\/historia\/","title":{"rendered":"&#8211; Historia &#8211;"},"content":{"rendered":"\n<p class=\"has-text-align-center\"><strong>Extinguishbraun \u2013 Od skandalu do sukcesu!<\/strong><\/p>\n\n\n\n<p>Wszystko zacz\u0119\u0142o si\u0119 w pewien pami\u0119tny dzie\u0144 w polskim Sejmie, kiedy Grzegorz Braun \u2013 polityk, re\u017cyser i, jak si\u0119 p\u00f3\u017aniej okaza\u0142o, wizjoner biznesu \u2013 postanowi\u0142 ugasi\u0107 \u201ezagro\u017cenie\u201d w sali obrad, u\u017cywaj\u0105c\u2026 ga\u015bnicy proszkowej. <\/p>\n\n\n\n<div class=\"wp-block-media-text has-media-on-the-right is-stacked-on-mobile\"><div class=\"wp-block-media-text__content\">\n<!DOCTYPE html>\n<html lang=\"pl\">\n<head>\n    <meta charset=\"UTF-8\">\n    <meta name=\"viewport\" content=\"width=device-width, initial-scale=1.0\">\n    <title>Stylized Text<\/title>\n    <link href=\"https:\/\/fonts.googleapis.com\/css2?family=Big+Shoulders+Display:wght@400;700&#038;display=swap\" rel=\"stylesheet\">\n    <style>\n        .text-box {\n            background-color: #4e4e4e;\n            color: white;\n            padding: 20px;\n            border-radius: 5px;\n            font-family: 'Big Shoulders Display', sans-serif;\n            font-size: 30px;\n        }\n    <\/style>\n<\/head>\n<body>\n\n    <div class=\"text-box\">\n        <p>Incydent, kt\u00f3ry mia\u0142 by\u0107 symbolicznym aktem sprzeciwu, przerodzi\u0142 si\u0119 w prawdziwy PR-owy po\u017car. Media grzmia\u0142y, politycy d\u0142awili si\u0119 od \u015bmiechu (i proszku ga\u015bniczego), a internet natychmiast zala\u0142y memy z Braunem w roli nowego stra\u017caka miesi\u0105ca. Ale to, co dla innych by\u0142o skandalem, dla samego Brauna sta\u0142o si\u0119 inspiracj\u0105 biznesow\u0105.<\/p>\n    <\/div>\n\n<\/body>\n<\/html>\n<\/div><figure class=\"wp-block-media-text__media\"><img loading=\"lazy\" decoding=\"async\" width=\"1024\" height=\"576\" src=\"https:\/\/extinguishbraun.7szkola.pl\/wp-content\/uploads\/2025\/02\/z30560910IERGrzegorz-Braun-po-zgaszeniu-swiec-chanukowych-12-1-1-1024x576.jpg\" alt=\"\" class=\"wp-image-210 size-full\" srcset=\"https:\/\/extinguishbraun.7szkola.pl\/wp-content\/uploads\/2025\/02\/z30560910IERGrzegorz-Braun-po-zgaszeniu-swiec-chanukowych-12-1-1-1024x576.jpg 1024w, https:\/\/extinguishbraun.7szkola.pl\/wp-content\/uploads\/2025\/02\/z30560910IERGrzegorz-Braun-po-zgaszeniu-swiec-chanukowych-12-1-1-300x169.jpg 300w, https:\/\/extinguishbraun.7szkola.pl\/wp-content\/uploads\/2025\/02\/z30560910IERGrzegorz-Braun-po-zgaszeniu-swiec-chanukowych-12-1-1-768x432.jpg 768w, https:\/\/extinguishbraun.7szkola.pl\/wp-content\/uploads\/2025\/02\/z30560910IERGrzegorz-Braun-po-zgaszeniu-swiec-chanukowych-12-1-1.jpg 1536w\" sizes=\"auto, (max-width: 1024px) 100vw, 1024px\" \/><\/figure><\/div>\n\n\n\n<p class=\"has-text-align-center\">Gdy kurz (i bia\u0142y proszek) opad\u0142, przysz\u0142y przedsi\u0119biorca zda\u0142 sobie spraw\u0119, \u017ce ma co\u015b, czego nie maj\u0105 inni \u2013 rozpoznawalno\u015b\u0107 i unikalne do\u015bwiadczenie w praktycznym u\u017cywaniu ga\u015bnic. Tak narodzi\u0142a si\u0119 firma Extinguishbraun \u2013 ga\u015bnice na ka\u017cd\u0105 okazj\u0119!<\/p>\n\n\n\n<p><\/p>\n\n\n\n<p class=\"has-text-align-center\">Pierwszym has\u0142em reklamowym by\u0142o:<\/p>\n\n\n\n<p class=\"has-text-align-center\"> \u201eZanim Sejm si\u0119 zajmie \u2013 zajmij si\u0119 ogniem!\u201d <\/p>\n\n\n\n<p class=\"has-text-align-center\">A flagowy produkt? Oczywi\u015bcie \u201eGa\u015bnica Sejmowa\u201d, kt\u00f3rej premiera odby\u0142a si\u0119 na wiecu z has\u0142em:<\/p>\n\n\n\n<p class=\"has-text-align-center\"> \u201eNie zgadzam si\u0119 \u2013 gasz\u0119 sytuacj\u0119!\u201d<\/p>\n\n\n\n<!DOCTYPE html>\n<html lang=\"pl\">\n<head>\n    <meta charset=\"UTF-8\">\n    <meta name=\"viewport\" content=\"width=device-width, initial-scale=1.0\">\n    <title>Oferta Ga\u015bnic<\/title>\n    <link href=\"https:\/\/fonts.googleapis.com\/css2?family=Tektur:wght@400;700&#038;display=swap\" rel=\"stylesheet\">\n    <style>\n        body {\n            background-color: #2c2c2c; \/* Optional: dark background for contrast *\/\n            color: white;\n            font-family: 'Tektur', sans-serif;\n        }\n        .text-box {\n            background-color: #4e4e4e;\n            color: white;\n            padding: 20px;\n            border-radius: 10px;\n            font-size: 20px;\n            max-width: 600px;\n            margin: 50px auto;\n            line-height: 1.4;\n        }\n        .text-box h2 {\n            margin-top: 0;\n        }\n    <\/style>\n<\/head>\n<body>\n\n    <div class=\"text-box\">\n        <h2>W pierwszej ofercie pojawi\u0142y si\u0119 tak\u017ce inne modele:<\/h2>\n        <p><strong>\u201eGa\u015bnica Patriotyczna\u201d<\/strong> \u2013 Doskona\u0142a do gaszenia p\u0142omienia walki o suwerenno\u015b\u0107. Niezawodna w domach, biurach oraz na wszelkiego rodzaju marszach i demonstracjach.<\/p>\n        \n        <p><strong>\u201eGa\u015bnica Anarchisty\u201d<\/strong> \u2013 Praktyczna i niezawodna, sprawdza si\u0119 zar\u00f3wno w chaosie domowym, jak i na nieformalnych zgromadzeniach. Dzia\u0142a \u015bwietnie na p\u0142omienie, gor\u0105ce has\u0142a i spalony bigos.<\/p>\n\n        <p><strong>Ga\u015bnica Selektywna<\/strong> \u2013 Sprawdzona w gaszeniu nie tylko tradycyjnych po\u017car\u00f3w, ale tak\u017ce zbyt rozgrzanych dyskusji politycznych. Polecana na wiece, wieczory wyborcze i rodzinne spotkania.<\/p>\n    <\/div>\n\n<\/body>\n<\/html>\n\n\n\n<div class=\"wp-block-group\"><div class=\"wp-block-group__inner-container is-layout-constrained wp-block-group-is-layout-constrained\"><\/div><\/div>\n\n\n\n<div class=\"wp-block-media-text has-media-on-the-right is-stacked-on-mobile\" style=\"grid-template-columns:auto 51%\"><div class=\"wp-block-media-text__content\">\n<p class=\"has-text-align-center\">Marketing i kontrowersje<\/p>\n\n\n\n<p>Firma szybko zdoby\u0142a popularno\u015b\u0107, szczeg\u00f3lnie w\u015br\u00f3d ludzi ceni\u0105cych zar\u00f3wno bezpiecze\u0144stwo przeciwpo\u017carowe, jak i nietypowe podej\u015bcie do polityki. Reklamy Extinguishbraun by\u0142y r\u00f3wnie ogniste, co ich za\u0142o\u017cyciel. Jedna z kampanii pokazywa\u0142a Brauna w pe\u0142nym rynsztunku stra\u017cackim, biegn\u0105cego przez Sejm z okrzykiem:<\/p>\n\n\n\n<p class=\"has-text-align-center\"><strong><em>\u201ePa\u0144stwo p\u0142onie! Ja gasz\u0119!\u201d<\/em><\/strong><\/p>\n<\/div><figure class=\"wp-block-media-text__media\"><img loading=\"lazy\" decoding=\"async\" width=\"1024\" height=\"576\" src=\"https:\/\/extinguishbraun.7szkola.pl\/wp-content\/uploads\/2025\/03\/maxresdefault-1024x576.jpg\" alt=\"\" class=\"wp-image-256 size-full\" srcset=\"https:\/\/extinguishbraun.7szkola.pl\/wp-content\/uploads\/2025\/03\/maxresdefault-1024x576.jpg 1024w, https:\/\/extinguishbraun.7szkola.pl\/wp-content\/uploads\/2025\/03\/maxresdefault-300x169.jpg 300w, https:\/\/extinguishbraun.7szkola.pl\/wp-content\/uploads\/2025\/03\/maxresdefault-768x432.jpg 768w, https:\/\/extinguishbraun.7szkola.pl\/wp-content\/uploads\/2025\/03\/maxresdefault.jpg 1280w\" sizes=\"auto, (max-width: 1024px) 100vw, 1024px\" \/><\/figure><\/div>\n\n\n\n<p class=\"has-text-align-center\"><\/p>\n\n\n\n<p><\/p>\n\n\n\n<div class=\"wp-block-media-text is-stacked-on-mobile\"><figure class=\"wp-block-media-text__media\"><img loading=\"lazy\" decoding=\"async\" width=\"805\" height=\"536\" src=\"https:\/\/extinguishbraun.7szkola.pl\/wp-content\/uploads\/2025\/03\/isIk9kuTURBXy82OTRjMzkzNC0zNTcwLTRhMjUtYTYwMS01MDgzNzVlZWQ3MGMuanBlZ5GVAs0DJQDDw94AAaEwAQ.jpg\" alt=\"\" class=\"wp-image-261 size-full\" srcset=\"https:\/\/extinguishbraun.7szkola.pl\/wp-content\/uploads\/2025\/03\/isIk9kuTURBXy82OTRjMzkzNC0zNTcwLTRhMjUtYTYwMS01MDgzNzVlZWQ3MGMuanBlZ5GVAs0DJQDDw94AAaEwAQ.jpg 805w, https:\/\/extinguishbraun.7szkola.pl\/wp-content\/uploads\/2025\/03\/isIk9kuTURBXy82OTRjMzkzNC0zNTcwLTRhMjUtYTYwMS01MDgzNzVlZWQ3MGMuanBlZ5GVAs0DJQDDw94AAaEwAQ-300x200.jpg 300w, https:\/\/extinguishbraun.7szkola.pl\/wp-content\/uploads\/2025\/03\/isIk9kuTURBXy82OTRjMzkzNC0zNTcwLTRhMjUtYTYwMS01MDgzNzVlZWQ3MGMuanBlZ5GVAs0DJQDDw94AAaEwAQ-768x511.jpg 768w\" sizes=\"auto, (max-width: 805px) 100vw, 805px\" \/><\/figure><div class=\"wp-block-media-text__content\">\n<p>Nie oby\u0142o si\u0119 bez problem\u00f3w. <br>Pierwsza dostawa ga\u015bnic do Sejmu zosta\u0142a skonfiskowana przez stra\u017c marsza\u0142kowsk\u0105, a niekt\u00f3re miasta zakaza\u0142y u\u017cywania ich na manifestacjach politycznych. Mimo to, sprzeda\u017c kwit\u0142a, bo <br>Polacy \u2013 jak wiadomo \u2013 kochaj\u0105 absurdy.<\/p>\n<\/div><\/div>\n\n\n\n<div class=\"wp-block-media-text has-media-on-the-right is-stacked-on-mobile\"><div class=\"wp-block-media-text__content\">\n<p class=\"has-text-align-center\"><em>Dalsze plany \u2013 ekspansja mi\u0119dzynarodowa?<\/em><\/p>\n\n\n\n<p>Grzegorz Braun nie zamierza\u0142 poprzesta\u0107 na Polsce. Po premierze w Sejmie zacz\u0119\u0142y nap\u0142ywa\u0107 oferty z zagranicy. Niemcy pytali o stworzenie specjalnego modelu \u201eFeuerl\u00f6scher Braun\u201d, Francuzi byli zainteresowani ich unikatowym modelem \u201eExtincteur de la Libert\u00e9\u201d, a w USA marka by\u0142a rozwa\u017cana jako oficjalny dostawca ga\u015bnic na Kapitol.<\/p>\n<\/div><figure class=\"wp-block-media-text__media\"><img loading=\"lazy\" decoding=\"async\" width=\"1000\" height=\"625\" src=\"https:\/\/extinguishbraun.7szkola.pl\/wp-content\/uploads\/2025\/03\/global-customers.jpg\" alt=\"\" class=\"wp-image-263 size-full\" srcset=\"https:\/\/extinguishbraun.7szkola.pl\/wp-content\/uploads\/2025\/03\/global-customers.jpg 1000w, https:\/\/extinguishbraun.7szkola.pl\/wp-content\/uploads\/2025\/03\/global-customers-300x188.jpg 300w, https:\/\/extinguishbraun.7szkola.pl\/wp-content\/uploads\/2025\/03\/global-customers-768x480.jpg 768w\" sizes=\"auto, (max-width: 1000px) 100vw, 1000px\" \/><\/figure><\/div>\n\n\n\n<p class=\"has-text-align-center\"><\/p>\n\n\n\n<div class=\"wp-block-media-text is-stacked-on-mobile\"><figure class=\"wp-block-media-text__media\"><img loading=\"lazy\" decoding=\"async\" width=\"1024\" height=\"576\" src=\"https:\/\/extinguishbraun.7szkola.pl\/wp-content\/uploads\/2025\/03\/studiotvn24-1024x576.jpg\" alt=\"\" class=\"wp-image-265 size-full\" srcset=\"https:\/\/extinguishbraun.7szkola.pl\/wp-content\/uploads\/2025\/03\/studiotvn24-1024x576.jpg 1024w, https:\/\/extinguishbraun.7szkola.pl\/wp-content\/uploads\/2025\/03\/studiotvn24-300x169.jpg 300w, https:\/\/extinguishbraun.7szkola.pl\/wp-content\/uploads\/2025\/03\/studiotvn24-768x432.jpg 768w, https:\/\/extinguishbraun.7szkola.pl\/wp-content\/uploads\/2025\/03\/studiotvn24.jpg 1031w\" sizes=\"auto, (max-width: 1024px) 100vw, 1024px\" \/><\/figure><div class=\"wp-block-media-text__content\">\n<p class=\"has-text-align-center\"><em>Najbardziej kontrowersyjny projekt?<\/em> <\/p>\n\n\n\n<p class=\"has-text-align-left\">\u201eGa\u015bnica Wolno\u015bciowa\u201d, kt\u00f3ra jak by\u0142a jeszcze w fazie prototypowej mia\u0142a dzia\u0142a\u0107 automatycznie, wyczuwaj\u0105c \u201ezagro\u017cenie totalitaryzmem\u201d. Niestety, prototyp w nieznanych okoliczno\u015bciach odpali\u0142 si\u0119 w redakcji TVN, co spowodowa\u0142o kolejn\u0105 fal\u0119 medialnego szumu. Od tego momentu zosta\u0142 porzucony oryginalny pomys\u0142 na automatyczne dzia\u0142anie tej ga\u015bnicy.<\/p>\n<\/div><\/div>\n","protected":false},"excerpt":{"rendered":"<p>Extinguishbraun \u2013 Od skandalu do sukcesu! Wszystko zacz\u0119\u0142o si\u0119 w pewien pami\u0119tny dzie\u0144 w polskim Sejmie, kiedy Grzegorz Braun \u2013 polityk, re\u017cyser i, jak si\u0119 p\u00f3\u017aniej okaza\u0142o, wizjoner biznesu \u2013 postanowi\u0142 ugasi\u0107 \u201ezagro\u017cenie\u201d w sali obrad, u\u017cywaj\u0105c\u2026 ga\u015bnicy proszkowej. Stylized Text Incydent, kt\u00f3ry mia\u0142 by\u0107 symbolicznym aktem sprzeciwu, przerodzi\u0142 si\u0119 w prawdziwy PR-owy po\u017car. Media<\/p>\n<div class=\"more-link\">\n\t\t\t\t <a href=\"https:\/\/extinguishbraun.7szkola.pl\/index.php\/historia\/\" class=\"link-btn\"><span>Czytaj dalej <\/span> <i class=\"icofont-thin-double-right\"><\/i><\/a>\n\t\t\t<\/div>\n","protected":false},"author":1,"featured_media":0,"parent":0,"menu_order":0,"comment_status":"closed","ping_status":"closed","template":"","meta":{"footnotes":""},"class_list":["post-93","page","type-page","status-publish","hentry"],"_links":{"self":[{"href":"https:\/\/extinguishbraun.7szkola.pl\/index.php\/wp-json\/wp\/v2\/pages\/93","targetHints":{"allow":["GET"]}}],"collection":[{"href":"https:\/\/extinguishbraun.7szkola.pl\/index.php\/wp-json\/wp\/v2\/pages"}],"about":[{"href":"https:\/\/extinguishbraun.7szkola.pl\/index.php\/wp-json\/wp\/v2\/types\/page"}],"author":[{"embeddable":true,"href":"https:\/\/extinguishbraun.7szkola.pl\/index.php\/wp-json\/wp\/v2\/users\/1"}],"replies":[{"embeddable":true,"href":"https:\/\/extinguishbraun.7szkola.pl\/index.php\/wp-json\/wp\/v2\/comments?post=93"}],"version-history":[{"count":37,"href":"https:\/\/extinguishbraun.7szkola.pl\/index.php\/wp-json\/wp\/v2\/pages\/93\/revisions"}],"predecessor-version":[{"id":332,"href":"https:\/\/extinguishbraun.7szkola.pl\/index.php\/wp-json\/wp\/v2\/pages\/93\/revisions\/332"}],"wp:attachment":[{"href":"https:\/\/extinguishbraun.7szkola.pl\/index.php\/wp-json\/wp\/v2\/media?parent=93"}],"curies":[{"name":"wp","href":"https:\/\/api.w.org\/{rel}","templated":true}]}}